ative of l**4/4 + 2*l**3/3 - 5*l**2. Calculate w(n).
-14
Let u(z) = z**2 + 4*z - 3. Let t = 26 + -30. Give u(t).
-3
Let y(k) be the third derivative of k**5/60 - 5*k**4/24 + k**3/6 - k**2. Let w be (-8)/(-12) - 44/(-6). Suppose 4*b = -4*n, 0 = -3*b - w - 7. Give y(n).
1
Suppose 0 = 3*j - 14 + 2. Let i(r) = r**3 + 2*r - j*r - 4*r**2 + 3 + r. Let g = 11 - 7. What is i(g)?
-1
Let u(i) = -9*i**3. Suppose v = -2*n - 3*v + 2, -n + 5 = 3*v. Let c(f) = -f - 6. Let l be c(n). What is u(l)?
-9
Let u(m) = -m + 10. Let h(f) = f - 9. Let r(j) = -4*h(j) - 5*u(j). What is r(7)?
-7
Let v(s) = -s - 3. Let h be ((-10)/2)/(3/3). Let c(n) = n**2 + 4*n - 2. Let r be c(h). Let m be (3/(-2))/(r/6). Give v(m).
0
Let x(s) be the first derivative of -s**3/3 + 5*s**2/2 - 3*s + 15. What is x(4)?
1
Let s(u) = -u + 0 + 6 - 6 + 9. Calculate s(11).
-2
Let n(f) = -f - 3. Let v be n(3). Let h(u) be the first derivative of u**3/3 + 4*u**2 + 6*u + 109. Calculate h(v).
-6
Suppose 2*n - 1 = 3. Let w(h) = n - 4 + 1 + h**2 + 0*h**2. Give w(-1).
0
Let m(l) = l + 4. Let n(j) = 2*j + 4. Let a(i) = -3*m(i) + 2*n(i). Determine a(6).
2
Let z(t) be the second derivative of -1/2*t**3 - 1/3*t**4 + 2*t + 0 + 1/2*t**2 - 1/20*t**5. Give z(-3).
1
Let u(q) = -q**2 + 4*q - 1. Let t be u(2). Let i(d) be the third derivative of 1/12*d**4 + 1/30*d**5 - 1/6*d**3 - 6*d**2 + 0 - 1/120*d**6 + 0*d. What is i(t)?
-4
Suppose 0 = 3*b - 4 - 2. Let v(z) be the first derivative of -4*z - b - 3/2*z**2. What is v(-4)?
8
Let m = 12 - 8. Let d(f) = -2*f**2 + 4*f + 2. Give d(m).
-14
Let v be (-2)/(1 + 1 - 3). Let p(j) = -j**3 + j**2 + j - 1. Let d(o) = o**3 + o**2 + 2*o - 1. Let a(i) = v*p(i) - d(i). Let b = 1 - 0. Determine a(b).
-3
Let g(j) be the third derivative of j**6/60 + j**5/30 + j**4/12 - j**3/6 + 49*j**2. Let p(d) = d**2 + 3*d - 2. Let h be p(-3). Determine g(h).
-13
Let c = 7 - -2. Suppose -2*h + c = -5*h. Let z(d) = -d**2 - 3*d - 4. What is z(h)?
-4
Let a(w) = -w**2 - 5*w + 4. Let z(v) = -4*v - 3 + 3*v + v**2 + 7*v**3 + 2. Let k be z(-1). Calculate a(k).
-2
Let f be (0 - 4)/(1 + -3). Let k(l) = -10*l**2 - 5*l - 10. Let p(c) = 3*c**2 + 2*c + 3. Let i(v) = f*k(v) + 7*p(v). Determine i(-4).
1
Let b(d) = -d - 7. Let u(s) = -s - 8. Let r(g) = -7*b(g) + 6*u(g). Give r(-1).
0
Let j(k) = -5*k**3 - 3*k**2 + 8*k + 2. Let i(b) = b**3 + b**2 - b. Let h(n) = 6*i(n) + j(n). Calculate h(-2).
2
Let l(h) = -h + 2. Suppose 0 = -6*m + 2 - 26. What is l(m)?
6
Suppose -5*u + 3*c + 4 + 1 = 0, -2*u + 4*c + 2 = 0. Let f(m) = m**3 + 6 + 1 + 0 - u + m. Determine f(0).
6
Suppose 3*w - 4*i = 30, 4 = w + 5*i - 25. Suppose 5*u - w = 1. Let j(c) = 3*c - 1. Let x(k) = 7*k - 3. Let q(v) = 5*j(v) - 2*x(v). Calculate q(u).
4
Suppose 0 = -4*j + 13 - 5. Let z(g) = -2*g**3 - g**2 + 2*g - 2. Let x(t) = t**3. Let q(k) = -3*x(k) - z(k). Calculate q(j).
-6
Let b = -37 + 32. Let z(r) = -r + 5. What is z(b)?
10
Let n(f) be the first derivative of f**4/4 - f**3/3 + 2*f - 33. Calculate n(3).
20
Let c(k) be the third derivative of -k**4/24 + k**3/6 + 3*k**2 - 8. Suppose 11 + 9 = -4*p. Give c(p).
6
Let s(x) = 3*x**2 + 4*x + 18. Let u(v) = -4*v**2 - v + 2*v**2 - 6 + v**2. Let l(a) = -4*s(a) - 11*u(a). Determine l(-5).
-6
Let d(o) = o**3 + 11*o**2 - 13*o - 13. Let p be d(-12). Let q(y) = y**2. Let m be q(p). Let n(l) = -6*l**3 + 2*l**2 - l. Calculate n(m).
-5
Suppose 4*b + 1 = -3. Let z(s) = 1 + s + s**2 - 5*s**3 + 1 - 1. Determine z(b).
6
Let h(o) be the third derivative of 0 + 0*o**4 + 4*o**2 + 0*o**3 + 0*o + 1/60*o**5. Calculate h(4).
16
Let u(a) = -2*a**3 + 2*a**2 + 4*a**2 + a**3 - 7 + 11. Give u(6).
4
Suppose 4*b + 0*c = -2*c, -5*c = 20. Suppose v = b*v - 6. Let z = v + -4. Let q(u) = u + 1. What is q(z)?
3
Let o = -8 - -10. Suppose 3*b - 19 = 4*d, -2*b + 6 = 2*d + o*d. Let c(m) = -m**2 + 4*m - 7. Give c(b).
-12
Suppose 4*m - 13 - 2 = -5*r, 2*r + 22 = 4*m. Let s(w) = -5*w + 2. What is s(m)?
-23
Let y(u) = -u**3 + 12*u**2 - 12*u + 8. Let p be y(11). Let k(d) = -d**2 - 2*d + 3. Let s be k(p). Suppose s = 2*m + 4. Let w(r) = -r**2 - 2*r - 3. What is w(m)?
-3
Let x(f) = -f + 2 + 7*f - 4 - 2*f - f**2. Let u(k) = 4*k - 1. Let v be u(1). Suppose -3*y - 2 = 2*q, 4*q - v*q - 5*y = 25. Determine x(q).
-7
Let g(m) be the first derivative of -m**3/3 + 2*m**2 + m - 7. Calculate g(3).
4
Let t(v) = -4*v**2 + 6*v - 1 - v**2 + 0*v - v**3. Let q(o) = o - 1. Let u be q(-5). What is t(u)?
-1
Let m be 7 - 1*(-4 - -3)*-1. Let c(h) = 6*h**3 - 12*h + 1. Let g(i) = 5*i**3 + i**2 - 11*i. Let v(u) = -6*c(u) + 7*g(u). Calculate v(m).
0
Suppose 26*a - 18 = 23*a. Let p(b) = -b**2 + 5*b + 5. Calculate p(a).
-1
Let b be 45/10 - 1/2. Let h = 3 - b. Let s(k) be the third derivative of k**4/12 + k**2. Calculate s(h).
-2
Let c(y) = 4*y**2 - 2*y - 2. Suppose 7*j + 18 - 4 = 0. Determine c(j).
18
Let j(z) = -z + 2. Let n be 28/10 - (-3)/15. Suppose -5*i + n*f - 10 = 0, -4*i + i + 3*f = 0. Calculate j(i).
7
Let q be 1/((-2)/(-4) + 0). Suppose 3*x - q*x - 10 = 0. Let j be (3 - -1)*x/8. Let c(w) = w**2 - 3*w - 3. Calculate c(j).
7
Let o(a) = -38 + 0*a + 3*a + a + 33. What is o(4)?
11
Suppose 5*z = 7*z + 2. Let n(j) = -7*j**2 - j. Determine n(z).
-6
Let h(q) be the second derivative of q**4/4 + q**3/2 + q. Calculate h(-2).
6
Let v(t) = -t**3 + 5*t**2 - t - 4. Let n be v(5). Let s(p) = p**2 + 9*p + 1. Calculate s(n).
1
Let v = 4 + -5. Let q = v + -1. Let b = q - -5. Let y(l) = l - 2. Determine y(b).
1
Let s(v) = 3*v**2 + 4*v + 2. Let k be s(-2). Let i = k + -3. Let h(q) = -5*q**3 + 2*q - 2 + 4*q**i + 4*q**2 + 3*q. Calculate h(5).
-2
Let k(g) = 2*g - 3 + 10*g**2 - 2*g**2 - 7*g**2. Calculate k(3).
12
Let b(d) = -2*d + 30. Let o be b(16). Let r(z) = -2*z**2 - 3*z - 2. Calculate r(o).
-4
Suppose 0 = -5*u - 3*i - 6, -u + 4*i + 7 = -1. Let v(f) = f - 3. Determine v(u).
-3
Suppose -h + 0*h - 4 = 0. Let s be (-55)/(-15) - (-2)/6. Let d(f) = 0*f**2 - 1 - s - 2*f - 4*f - f**2. What is d(h)?
3
Let t(d) be the second derivative of d**4/12 + d**3 + 3*d**2/2 - 11*d. Determine t(-5).
-2
Let q(n) = -24*n + 5. Let d be 19/(-2) + 1/2. Let b(x) = 6*x - 1. Let m(j) = d*b(j) - 2*q(j). Determine m(1).
-7
Let m(k) = 1 + 13*k + 11*k**2 - 20*k + 9*k. Suppose 0*o = -5*o - 5. Calculate m(o).
10
Let x(n) be the first derivative of n**4/4 + n**3/3 + 7*n + 3. Calculate x(0).
7
Let x(n) = -4*n. Let p(l) = 5*l + 1. Let c(v) be the third derivative of v**4/24 + v**3/6 + 2*v**2. Let k be c(3). Let o(g) = k*x(g) + 3*p(g). What is o(5)?
-2
Let g(p) = -2*p**3 + 4*p**2 + 2*p - 1. Let n(x) = x. Let l(b) = g(b) - 2*n(b). Calculate l(3).
-19
Suppose -4*h + 12 = -2*h. Let v(t) = t**3 - 7*t**2 + 5*t + 4. Calculate v(h).
-2
Let u(m) = 372*m - 122*m + 0*m**3 - 128*m - 5 + 3*m**2 + m**3 - 127*m. Suppose -i + 0*i = 1. Let f = i + -3. What is u(f)?
-1
Let f(z) = 5*z**2 - 4 + 13*z - 9*z**2 - 6*z**2 - 7 - 2*z**3. Let x(w) = -w**3 - 5*w**2 + 6*w - 6. Let h(n) = 2*f(n) - 5*x(n). Calculate h(-6).
-4
Let j(r) = -5*r**3 + 5*r**2 - 7*r - 11. Let f = 1 + -5. Let c(v) = 2*v**3 - 2*v**2 + 3*v + 5. Let o(h) = f*j(h) - 9*c(h). What is o(2)?
9
Let v(d) = -d - 6. Suppose 2*w - m - 23 = 0, 0*m + 51 = 4*w - m. Let q = w + -8. Suppose -1 + 2 = -f - 2*r, 3*r = q. Determine v(f).
-1
Let h = 26 - 24. Let s(o) = -o**3 + 2*o**2 - 2*o - 1. Calculate s(h).
-5
Let j(a) = -a**2 + 5*a - 1. Let t be 1/((-3)/(-24)*2). Suppose 4 = 5*d - t*d. Let c be j(d). Let q(v) = -v**3 + 3*v**2 + 3. Determine q(c).
3
Let u(j) = 2 - 8*j - 4 + 6*j. Give u(2).
-6
Let f be -2*-1*7/(-2). Let w(b) = -b - 3. Give w(f).
4
Let d(i) = i - 4. Let u be d(0). Let n(s) be the first derivative of s**2 + s - 8. What is n(u)?
-7
Let m(h) = h**2 + 3*h - 4. Let s be m(-4). Suppose 4 = -s*v + 4*v. Let d(g) = -2*g. Let j(c) = -3*c. Let x(y) = 5*d(y) - 3*j(y). Determine x(v).
-1
Let o = 14 - -7. Let k = 17 - o. Let r(a) = a**3 + 5*a**2 + 4*a - 4. What is r(k)?
-4
Suppose -8 = 3*u - 5*u. Let l = u + -2. Let h(g) = 2*g**2 - 2*g + 1. Determine h(l).
5
Let k(t) = -9*t - 8. Let z be k(-1). Let p(m) = -10*m**3 - m**2 + 2*m - 1. Calculate p(z).
-10
Let c(m) = m**2 + m - 1. Let p(o) = -2 - o**3 - 2*o**2 - 6*o + 15 - 3*o**2. Let g(s) = -5*c(s) - p(s). Calculate g(0).
-8
Suppose 40 = 4*b + 4*w, -4*w + 3*w = -3. Let v(o) = -7*o + 4 + b*o - o**2. Give v(-3).
-5
Let v = -15 - -15. Let i(a) = -1 + a + 11 - 2. G